3*s(k) - 5*x(k). What is the tens digit of p(12)?
9
Let n(k) = 79*k**2 + 48*k - 235. What is the tens digit of n(6)?
9
What is the thousands digit of (16 + -15)/((-1)/(-3133)) - 2?
3
Let z = -274 - -633. What is the tens digit of z?
5
Let z be 732/7 - 12/(-28). Let v = -53 + z. Suppose r = -4*l + v, -r - 3 = 1. What is the units digit of l?
4
Let t be (-372)/132 + 4/(-22). Let d = t + 6. Suppose 0 = 4*y + 3*k - 109, -d*k + 0*k = 3*y - 78. What is the units digit of y?
1
Suppose -4*r + 409 = -9*d + 8*d, -187 = -2*r - 3*d. What is the units digit of r?
1
Let k(x) = -817*x + 149. What is the units digit of k(-3)?
0
Let b(r) = -r**3 - 6*r**2 - r - 4. Let y be b(-6). Let w = y + -2. Suppose w = -3*u + 16 + 59. What is the tens digit of u?
2
Suppose 10288 = 10*n - 28512. What is the tens digit of n?
8
Let y(s) = -15*s - 90. Let l be y(-6). What is the units digit of (1 - l) + -4 - -291?
8
Let j be 15*(-12)/16*384/(-27). Let f = j - 69. What is the tens digit of f?
9
Let p(x) = -7*x + 10. Let j be p(9). Let q = 77 + j. What is the units digit of q?
4
Let p be (8/(-28))/((-2)/14). What is the units digit of 1/(p + (-17)/9)?
9
What is the hundreds digit of 150/(-1050) + 3/(42/12868)?
9
Suppose 4*l = -l + 50. Suppose l = 2*j, 2*v - 19 = -v - 5*j. What is the tens digit of (50/(-15))/(v/18)?
3
Let v = 335 + -187. Suppose -2*p = 5*s - 269 - v, -s - 2*p = -77. What is the tens digit of s?
8
Suppose -8*r = -7*r - 25. Suppose -4*m - 93 = -6*m + 3*t, 5*t = r. What is the tens digit of m?
5
Let d(n) = 2*n**2 - 6*n. Let j be d(3). Suppose 5*o - 104 - 276 = j. What is the tens digit of o?
7
Suppose 4*b + 3*o - 7 = 0, -4*b + 18 = -b - 2*o. Let r(u) be the third derivative of u**4/12 - 2*u**3/3 + 3*u**2. What is the units digit of r(b)?
4
Let l = 1975 + -689. What is the tens digit of l?
8
Let j = 2696 - -205. What is the hundreds digit of j?
9
Let x be (9 - 2)/(2/4). Suppose -2 = -8*i + x. What is the units digit of i?
2
Let x(u) = -u**2 + 6*u - 10. Let t be x(4). Let h(q) = -30*q - 8. What is the tens digit of h(t)?
5
Let c be (2 + (-20)/12)*(29 + -2). Suppose -z + 2360 = c*z. What is the tens digit of z?
3
Let a(s) be the first derivative of 0*s + 6 + 3/4*s**4 + 1/2*s**2 - 1/3*s**3. What is the tens digit of a(2)?
2
Let f(a) = -5*a + 4*a - 5*a**2 - 4*a**3 + a**3 + 4 - 2*a. What is the units digit of f(-3)?
9
Let i(n) = -326*n**3 + 1. Let w(q) = -q + 4. Let v be w(3). Let u be i(v). What is the units digit of u/(-45) + 2/(-9)?
7
Let b(h) = 2*h**2 - 29*h - 39. Let m be b(16). Suppose 0 = -3*j + o + 865, -m*o = 4*j - 6*o - 1162. What is the hundreds digit of j?
2
Let n(c) = 33*c**3 - 2*c**2 + 5*c + 2. Let g be n(2). Suppose l - 4*t - g = -3*l, 4*l - t - 253 = 0. What is the tens digit of l?
6
Let z(j) = -3*j**3 + j**2 - 2*j - 2. Suppose 14*s + 3 = -39. What is the units digit of z(s)?
4
Suppose -3*m + 6*m - 5*a - 917 = 0, 3*m - 2*a = 914. Suppose -m = 33*i - 41*i. What is the units digit of i?
8
Let t be (-1)/(-4) + (-117)/(-12). Let a be (15/9)/(t/12). What is the tens digit of ((-273)/14)/((-1)/a)?
3
Suppose 2*d + 5*m - 3491 = 0, -1416 = -2*d + 4*m + 2084. What is the thousands digit of d?
1
Suppose -623 = -11*k + 17351. What is the hundreds digit of k?
6
Suppose -690*b + 49970 = -671*b. What is the tens digit of b?
3
Suppose 4 = -4*m + 4*l, 2*l - 3 = m + 1. Suppose -4*v = -m*d - 30, 0*v + 2*d = v - 15. What is the units digit of v?
5
Let g(n) = n**2 + 45*n - 68. What is the units digit of g(34)?
8
Let i be (1/(-2))/((-4)/40). Suppose -a + 0*a = -3*k + i, k - 11 = -2*a. What is the units digit of a?
4
Let q(m) = -2*m**2 + m - 2. Let a be q(2). Let n = a + 65. What is the tens digit of n?
5
Let q(u) = u**3 - 2*u**2 - 6*u - 3. Let j be q(6). Suppose 0 = 6*p - j - 69. What is the tens digit of p?
2
Suppose 2*t + k = 5, 0*k + 10 = 3*t - k. Suppose 0 = t*n - 44 - 46. Suppose -2*r + n = -20. What is the tens digit of r?
2
Let w = -41 - -37. What is the units digit of (-1 - (-68)/(-12))/(w/42)?
0
Let j(z) = -z**2 - 14*z + 12. Let q = -20 + 20. Suppose -3*y + 3*u + q*u = 21, 49 = -3*y - 4*u. What is the tens digit of j(y)?
4
Suppose 4*d + 5*a - 2*a = -3, -3*d - 1 = a. Suppose -4*i = 3*r - 279, -3*i + r = -d*r - 206. What is the tens digit of i?
6
Suppose 252 = -62*y + 63*y. Suppose 5*i - 7*i + y = 0. What is the tens digit of i?
2
Suppose 350 = 6*j - 9394. What is the units digit of j?
4
Suppose 1914 = 37*d - 35382. What is the tens digit of d?
0
Let k be -9 - -8 - (0 - -3). Let x be (-22)/(-6) + k/(-12). Suppose 10 = -2*b - 3*w, 0*w = w + x. What is the units digit of b?
1
Suppose 79 + 1003 = p + 3*k, -3*p + 3233 = -4*k. What is the thousands digit of p?
1
Let a(w) = w**3 + 2*w**2 - 2*w - 1. Let u be 1 + 2/(4 + -2). Let y be a(u). Suppose y - 7 = 2*b. What is the units digit of b?
2
Suppose -933 - 1672 = -5*r. Suppose 0 = 3*l - 5*w - r, -3*l + 2*l = 3*w - 155. What is the hundreds digit of l?
1
Suppose 34*c - 11775 = 24333. What is the thousands digit of c?
1
Suppose -4*k - 5*y = -1158, 7*y = -5*k + 5*y + 1439. What is the tens digit of k?
8
Suppose 2*t = -t. Let b be (-9)/(-6)*(2 - t). Suppose -4*q = b*n - 207 - 11, -q + 52 = 2*n. What is the tens digit of q?
5
Let n(a) = 4*a - 2. Let h be n(2). Let m be (-3)/2*(-8)/h. Suppose 0 = -q + w + 10, -q = -m*w - 13 + 4. What is the tens digit of q?
1
Suppose 2*g = -2*g. Let i be ((0 - 2) + g)*-11. Suppose -h + i = 4*a, 2*a - a - 10 = -h. What is the units digit of h?
6
Let v(k) = -k**2 - 83*k - 18. What is the thousands digit of v(-46)?
1
Suppose 2*u - 2*n - 2 = 2, 4*n + 35 = -5*u. Let b = u + 5. Suppose 9 = b*z + q, 4*z - 2*z + 3*q - 11 = 0. What is the units digit of z?
4
Let m be 4/18 + (-129)/(-27). Suppose 3*u - 3*z = 2*z - m, -2*u + z = -6. Suppose u + 7 = 3*g. What is the units digit of g?
4
Let u(t) = 8*t**2 + 50*t - 3. What is the hundreds digit of u(-23)?
0
What is the hundreds digit of 5 + ((-214)/(-1) - 1)?
2
Suppose -4*g - 4*s + 504 = 0, 598 = 5*g - 2*s - 60. Let w = -44 + g. What is the tens digit of w?
8
Let g = 101 + -59. Let v = g - -10. Suppose -3*l + v + 35 = 0. What is the units digit of l?
9
Let a(d) be the second derivative of -47*d**3/6 + 2*d**2 + 23*d. What is the units digit of a(-3)?
5
Suppose 5*p = -l + 3377, p + 2*p - 2035 = -5*l. What is the tens digit of p?
7
What is the hundreds digit of 3/(-21) + 52780/49?
0
Suppose 21*b = 32*b - 418. What is the tens digit of b?
3
Suppose 2*q = 4*q, 3*u - 9099 = q. What is the thousands digit of u?
3
Let i = 9 + -7. Let g be (-2 + (1 - -3))*i. What is the tens digit of 26 - (-2 + -2)/g?
2
Suppose -5*d + 4*b = 1543, 2*b - 1232 = 4*d - 2*b. Let x = 595 + d. What is the hundreds digit of x?
2
Let h = 165 + -175. Let z = 11 + 2. Let d = h + z. What is the units digit of d?
3
Let l(d) = 32*d**2 + 2*d - 47. What is the thousands digit of l(-11)?
3
Let j be (2 + -1 - 3)*63/2. Let v = -49 - j. What is the tens digit of v?
1
Suppose -20*g + 3*t = -22*g + 1752, 0 = 4*t + 8. What is the tens digit of g?
7
Let n = 4269 + -2713. What is the hundreds digit of n?
5
Suppose -3*i + 0*i = -k - 2437, 0 = 3*i + 5*k - 2431. What is the units digit of i?
2
Let g(j) be the second derivative of -7*j**3/6 + 30*j**2 + 9*j. What is the tens digit of g(0)?
6
Suppose 810 = 10*a + 330. What is the units digit of a?
8
Let f be 4 - 20/5 - 0. Suppose d + 482 = 5*n, f = -3*n - 0*d - 4*d + 280. What is the units digit of n?
6
Suppose o - 6*o + 24 = 4*d, -30 = -5*d - 3*o. Suppose -2*w = -c + 44, -3*c - 112 = -d*c + w. What is the tens digit of c?
3
Let r(p) be the first derivative of -5*p**2/2 - 18*p + 1. What is the tens digit of r(-8)?
2
Let t = -92 + 58. Let h = t - -50. Let m = -9 + h. What is the units digit of m?
7
Let s(q) = 2*q**3 - 17*q**2 - 11*q + 10. Let j(t) = t**3 + t**2 + t. Let m(a) = -j(a) + s(a). Let f be m(19). Let n = f - 99. What is the units digit of n?
4
Suppose 0 = -2*f + 2*v - 16, f - 3*v + 13 = 1. Let o be -3*(-6)/(-2) - 2. Let c = f - o. What is the units digit of c?
5
Let z(l) = 177*l - 5. What is the units digit of z(1)?
2
Let u(t) = 5*t**2 + 39*t + 13. What is the units digit of u(-8)?
1
What is the hundreds digit of (1 - 0)*-2*(-1458)/12?
2
Let f = 15 - -203. Suppose 3*l - f = 349. What is the hundreds digit of l?
1
Let j(u) = 31*u - 30. What is the hundreds d